the highest common factor of 146 and 7811?
73
Calculate the greatest common divisor of 897 and 2001.
69
What is the greatest common factor of 86 and 129?
43
What is the highest common factor of 242 and 110?
22
Calculate the highest common divisor of 1482 and 52.
26
What is the highest common divisor of 480 and 4260?
60
What is the highest common factor of 6477 and 51?
51
What is the highest common factor of 766 and 2?
2
Calculate the greatest common divisor of 45 and 144.
9
What is the greatest common divisor of 27 and 3?
3
Calculate the greatest common divisor of 57 and 4.
1
What is the highest common factor of 155 and 1209?
31
Calculate the highest common factor of 16 and 496.
16
What is the highest common factor of 2363 and 17?
17
What is the highest common divisor of 6 and 2010?
6
What is the highest common divisor of 91 and 26?
13
Calculate the highest common factor of 25 and 7825.
25
Calculate the highest common divisor of 1261 and 485.
97
What is the greatest common divisor of 120 and 384?
24
Calculate the highest common factor of 234 and 18.
18
Calculate the highest common factor of 84 and 4200.
84
What is the highest common factor of 24 and 84?
12
Calculate the highest common divisor of 370 and 10.
10
Calculate the greatest common factor of 256 and 1152.
128
What is the greatest common divisor of 1210 and 220?
110
Calculate the highest common divisor of 55 and 176.
11
Calculate the highest common divisor of 18 and 366.
6
Calculate the greatest common factor of 592 and 37.
37
Calculate the greatest common divisor of 130 and 494.
26
What is the highest common divisor of 186 and 24?
6
What is the highest common divisor of 2772 and 252?
252
Calculate the greatest common divisor of 33 and 44.
11
Calculate the greatest common divisor of 55 and 77.
11
Calculate the highest common factor of 147 and 1519.
49
What is the highest common factor of 2320 and 600?
40
Calculate the highest common divisor of 608 and 1696.
32
Calculate the highest common factor of 960 and 30.
30
Calculate the highest common factor of 310 and 18.
2
Calculate the highest common divisor of 351 and 78.
39
What is the greatest common factor of 1635 and 15?
15
Calculate the highest common factor of 20 and 710.
10
Calculate the greatest common divisor of 1562 and 308.
22
Calculate the greatest common factor of 2151 and 9.
9
Calculate the greatest common factor of 1802 and 34.
34
What is the highest common factor of 110 and 66?
22
Calculate the highest common factor of 39 and 81.
3
What is the greatest common divisor of 8 and 932?
4
Calculate the greatest common divisor of 60 and 3630.
30
Calculate the greatest common divisor of 136 and 391.
17
What is the highest common divisor of 50 and 22?
2
What is the highest common factor of 704 and 2048?
64
Calculate the greatest common factor of 279 and 18.
9
Calculate the greatest common divisor of 18 and 1.
1
What is the greatest common divisor of 450 and 12?
6
Calculate the highest common factor of 1515 and 30.
15
What is the greatest common factor of 1240 and 120?
40
What is the highest common factor of 12 and 438?
6
Calculate the greatest common factor of 572 and 2431.
143
What is the greatest common divisor of 2 and 554?
2
Calculate the highest common factor of 104 and 16.
8
Calculate the highest common factor of 3 and 1347.
3
What is the greatest common divisor of 2163 and 14?
7
What is the highest common divisor of 261 and 9?
9
What is the highest common divisor of 42 and 1617?
21
Calculate the highest common divisor of 10 and 3625.
5
What is the greatest common divisor of 4384 and 32?
32
Calculate the greatest common divisor of 4 and 2.
2
Calculate the highest common divisor of 39 and 1227.
3
Calculate the highest common divisor of 107 and 14017.
107
What is the greatest common factor of 3116 and 133?
19
What is the greatest common factor of 90 and 70?
10
What is the greatest common factor of 189 and 17325?
63
Calculate the greatest common divisor of 137126 and 506.
506
What is the highest common factor of 15571 and 23?
23
Calculate the highest common factor of 58065 and 395.
395
What is the greatest common divisor of 18 and 8?
2
What is the greatest common factor of 9796 and 124?
124
What is the greatest common divisor of 45 and 765?
45
Calculate the highest common factor of 88 and 32.
8
What is the greatest common factor of 16 and 9584?
16
What is the greatest common divisor of 46 and 1978?
46
What is the greatest common divisor of 325 and 65?
65
Calculate the highest common divisor of 59092 and 44.
44
Calculate the greatest common divisor of 228 and 102.
6
Calculate the highest common divisor of 16715 and 5.
5
What is the greatest common factor of 1185 and 1501?
79
Calculate the greatest common factor of 40 and 184.
8
Calculate the greatest common factor of 200 and 2440.
40
Calculate the highest common factor of 231 and 77.
77
Calculate the greatest common factor of 938 and 14.
14
Calculate the greatest common divisor of 9828 and 312.
156
What is the highest common divisor of 32 and 240?
16
What is the greatest common factor of 833 and 595?
119
What is the highest common divisor of 18 and 1098?
18
What is the highest common factor of 42 and 42?
42
Calculate the greatest common factor of 86 and 1118.
86
What is the highest common factor of 12 and 204?
12
Calculate the greatest common factor of 1 and 27.
1
Calculate the highest common factor of 10 and 11.
1
What is the highest common factor of 10235 and 23?
23
What is the highest common divisor of 64096 and 96?
32
Calculate the greatest common divisor of 9351 and 36.
9
Calculate the highest common factor of 1449 and 184.
23
Calculate the greatest common factor of 372 and 24.
12
Calculate the highest common divisor of 1463 and 154.
77
What is the highest common factor of 35 and 15?
5
What is the highest common factor of 412 and 32651?
103
Calculate the highest common divisor of 4250 and 500.
250
Calculate the greatest common divisor of 152 and 361.
19
Calculate the greatest common factor of 360 and 270.
90
Calculate the greatest common divisor of 14 and 4984.
14
Calculate the greatest common divisor of 1696 and 32.
32
Calculate the greatest common divisor of 11 and 15268.
11
What is the greatest common factor of 226 and 113?
113
Calculate the greatest common factor of 1024 and 8.
8
Calculate the greatest common divisor of 17 and 1105.
17
What is the highest common factor of 24 and 222?
6
Calculate the greatest common divisor of 42037 and 127.
127
Calculate the highest common divisor of 102 and 48.
6
What is the greatest common divisor of 747 and 18?
9
Calculate the greatest common factor of 30224 and 32.
16
What is the greatest common factor of 133 and 21?
7
What is the highest common factor of 8 and 35272?
8
Calculate the greatest common factor of 299 and 69.
23
What is the highest common factor of 1404 and 52?
52
What is the greatest common divisor of 32 and 8?
8
What is the highest common factor of 50 and 18225?
25
What is the highest common factor of 1910 and 730?
10
Calculate the highest common factor of 3026 and 34.
34
Calculate the greatest common divisor of 473 and 86.
43
Calculate the highest common divisor of 1691 and 267.
89
Calculate the highest common divisor of 105 and 30.
15
Calculate the greatest common factor of 5 and 31645.
5
What is the highest common factor of 182 and 78?
26
What is the greatest common divisor of 402 and 54672?
402
What is the highest common factor of 105 and 10905?
15
Calculate the greatest common divisor of 18640 and 699.
233
What is the greatest common divisor of 68 and 512?
4
What is the highest common divisor of 1247 and 43?
43
What is the greatest common factor of 11 and 253?
11
What is the greatest common divisor of 272 and 51?
17
Calculate the greatest common factor of 268 and 1541.
67
Calculate the greatest common divisor of 15965 and 124.
31
What is the greatest common factor of 6 and 486?
6
Calculate the highest common divisor of 9 and 270.
9
What is the greatest common divisor of 1488 and 48?
48
What is the greatest common divisor of 90414 and 36?
18
Calculate the greatest common factor of 46 and 1587.
23
Calculate the greatest common factor of 128 and 62.
2
Calculate the greatest common divisor of 15623 and 170.
17
What is